{"id":14611,"date":"2023-09-05T14:21:20","date_gmt":"2023-09-05T12:21:20","guid":{"rendered":"https:\/\/asteklima.eus\/evento\/rezikletas-concierto-con-objetos-reutilizados-3\/"},"modified":"2023-09-08T16:40:58","modified_gmt":"2023-09-08T14:40:58","slug":"rezikletas-berrerabilitako-objektuen-kontzertua","status":"publish","type":"evento","link":"https:\/\/asteklima.eus\/eu\/evento\/rezikletas-berrerabilitako-objektuen-kontzertua\/","title":{"rendered":"REZIKLETAS: Berrerabilitako objektuen kontzertua"},"content":{"rendered":"<p>Sergio L\u00f3pez de Landache eta V\u00edctor Garc\u00eda de la Torre musikariek 2006an Gasteizen sortutako musika eta kale-antzerki taldea, soinu-birziklapen proiektu artistikoa garatzeko. Eszenaratze osoa hondakin-materialak berrerabiliz egiten da, eta hondakinak ingurumenari buruz kontzientziatzeko baliabide gisa balioesten dira. Zaborrarekin dugun erlazioaren ikuspegi berria: alde batetik, materialei bizitza berria ematearen alderdi sortzailea dago, eta bestetik, hondakinen sorrera murriztearen garrantzia nabarmentzen da. Horrela, artistek eta jendeak elkarreragingo dute, eta baliabideen kontsumoak planetan duen eraginari eta horrek klima-aldaketan duen eraginari buruz sentsibilizatuko dute.<\/p>\n<p><strong>Erakunde antolatzailea:<br \/>\n<\/strong>Lezako Udala<\/p>\n<p><strong>Data eta ordutegia:<br \/>\n<\/strong>Data: 2023-09-30<br \/>\nOrdua: 19:00 etan<br \/>\nIraupena: Ordubete<\/p>\n<p><strong>Kokapena:<br \/>\n<\/strong>Kale Nagusia 6<\/p>\n<p><strong>Ekitaldian egingo den hizkuntza:<br \/>\n<\/strong>Euskaraz\/Gaztelania<\/p>\n<p><strong>Izena ematea:<br \/>\n<\/strong>Ez da izenik eman behar<\/p>\n<p>&nbsp;<\/p>\n<p><iframe style=\"border: 0;\" src=\"https:\/\/www.google.com\/maps\/embed?pb=!1m18!1m12!1m3!1d734.6366791507336!2d-2.635003250092951!3d42.56491697290181!2m3!1f0!2f0!3f0!3m2!1i1024!2i768!4f13.1!3m3!1m2!1s0xd4ff7740ab475a9%3A0xfe87eee0ca969195!2sHerriko%20Plaza%2C%206%2C%2001309%20Leza%2C%20Araba!5e0!3m2!1ses!2ses!4v1693916312000!5m2!1ses!2ses\" width=\"600\" height=\"450\" allowfullscreen=\"allowfullscreen\"><\/iframe><\/p>\n","protected":false},"featured_media":14608,"template":"","fecha_ano":[41],"class_list":["post-14611","evento","type-evento","status-publish","has-post-thumbnail","hentry","fecha_ano-2023-eu-2"],"acf":[],"_links":{"self":[{"href":"https:\/\/asteklima.eus\/eu\/wp-json\/wp\/v2\/evento\/14611"}],"collection":[{"href":"https:\/\/asteklima.eus\/eu\/wp-json\/wp\/v2\/evento"}],"about":[{"href":"https:\/\/asteklima.eus\/eu\/wp-json\/wp\/v2\/types\/evento"}],"version-history":[{"count":0,"href":"https:\/\/asteklima.eus\/eu\/wp-json\/wp\/v2\/evento\/14611\/revisions"}],"wp:featuredmedia":[{"embeddable":true,"href":"https:\/\/asteklima.eus\/eu\/wp-json\/wp\/v2\/media\/14608"}],"wp:attachment":[{"href":"https:\/\/asteklima.eus\/eu\/wp-json\/wp\/v2\/media?parent=14611"}],"wp:term":[{"taxonomy":"fecha_ano","embeddable":true,"href":"https:\/\/asteklima.eus\/eu\/wp-json\/wp\/v2\/fecha_ano?post=14611"}],"curies":[{"name":"wp","href":"https:\/\/api.w.org\/{rel}","templated":true}]}}

<p>Sergio López de Landache eta Víctor García de la Torre musikariek 2006an Gasteizen sortutako musika eta kale-antzerki taldea, soinu-birziklapen proiektu artistikoa garatzeko. Eszenaratze osoa hondakin-materialak berrerabiliz egiten da, eta hondakinak ingurumenari buruz kontzientziatzeko baliabide gisa balioesten dira. Zaborrarekin dugun erlazioaren ikuspegi berria: alde batetik, materialei bizitza berria ematearen alderdi sortzailea dago, eta bestetik, hondakinen sorrera murriztearen garrantzia nabarmentzen da. Horrela, artistek eta jendeak elkarreragingo dute, eta baliabideen kontsumoak planetan duen eraginari eta horrek klima-aldaketan duen eraginari buruz sentsibilizatuko dute.</p>
<p><strong>Erakunde antolatzailea:<br />
</strong>Lezako Udala</p>
<p><strong>Data eta ordutegia:<br />
</strong>Data: 2023-09-30<br />
Ordua: 19:00 etan<br />
Iraupena: Ordubete</p>
<p><strong>Kokapena:<br />
</strong>Kale Nagusia 6</p>
<p><strong>Ekitaldian egingo den hizkuntza:<br />
</strong>Euskaraz/Gaztelania</p>
<p><strong>Izena ematea:<br />
</strong>Ez da izenik eman behar</p>
<p>&nbsp;</p>
<p><iframe style="border: 0;" src="https://www.google.com/maps/embed?pb=!1m18!1m12!1m3!1d734.6366791507336!2d-2.635003250092951!3d42.56491697290181!2m3!1f0!2f0!3f0!3m2!1i1024!2i768!4f13.1!3m3!1m2!1s0xd4ff7740ab475a9%3A0xfe87eee0ca969195!2sHerriko%20Plaza%2C%206%2C%2001309%20Leza%2C%20Araba!5e0!3m2!1ses!2ses!4v1693916312000!5m2!1ses!2ses" width="600" height="450" allowfullscreen="allowfullscreen"></iframe></p>
